{"id":1214,"date":"2022-07-02T11:10:34","date_gmt":"2022-07-02T08:10:34","guid":{"rendered":"https:\/\/mobika.com.tr\/?page_id=1214"},"modified":"2022-11-09T15:54:33","modified_gmt":"2022-11-09T12:54:33","slug":"hakkimizda","status":"publish","type":"page","link":"https:\/\/mobika.com.tr\/?page_id=1214","title":{"rendered":"Hakk\u0131m\u0131zda"},"content":{"rendered":"\t\t<div data-elementor-type=\"wp-page\" data-elementor-id=\"1214\" class=\"elementor elementor-1214\">\n\t\t\t\t\t\t<section class=\"elementor-section elementor-top-section elementor-element elementor-element-f9c7c62 elementor-section-height-min-height elementor-section-boxed elementor-section-height-default elementor-section-items-middle elementor-invisible\" data-id=\"f9c7c62\" data-element_type=\"section\" data-settings=\"{&quot;background_background&quot;:&quot;classic&quot;,&quot;shape_divider_bottom&quot;:&quot;tilt&quot;,&quot;animation&quot;:&quot;fadeIn&quot;,&quot;background_motion_fx_motion_fx_scrolling&quot;:&quot;yes&quot;,&quot;background_motion_fx_scale_effect&quot;:&quot;yes&quot;,&quot;background_motion_fx_scale_speed&quot;:{&quot;unit&quot;:&quot;px&quot;,&quot;size&quot;:3,&quot;sizes&quot;:[]},&quot;background_motion_fx_scale_range&quot;:{&quot;unit&quot;:&quot;%&quot;,&quot;size&quot;:&quot;&quot;,&quot;sizes&quot;:{&quot;start&quot;:0,&quot;end&quot;:100}},&quot;background_motion_fx_motion_fx_mouse&quot;:&quot;yes&quot;,&quot;background_motion_fx_mouseTrack_effect&quot;:&quot;yes&quot;,&quot;background_motion_fx_mouseTrack_speed&quot;:{&quot;unit&quot;:&quot;px&quot;,&quot;size&quot;:0.6,&quot;sizes&quot;:[]},&quot;background_motion_fx_scale_direction&quot;:&quot;out-in&quot;,&quot;background_motion_fx_devices&quot;:[&quot;desktop&quot;,&quot;tablet&quot;,&quot;mobile&quot;]}\">\n\t\t\t\t\t\t\t<div class=\"elementor-background-overlay\"><\/div>\n\t\t\t\t\t\t<div class=\"elementor-shape elementor-shape-bottom\" aria-hidden=\"true\" data-negative=\"false\">\n\t\t\t<svg xmlns=\"http:\/\/www.w3.org\/2000\/svg\" viewBox=\"0 0 1000 100\" preserveAspectRatio=\"none\">\n\t<path class=\"elementor-shape-fill\" d=\"M0,6V0h1000v100L0,6z\"\/>\n<\/svg>\t\t<\/div>\n\t\t\t\t\t<div class=\"elementor-container elementor-column-gap-default\">\n\t\t\t\t\t<div class=\"elementor-column elementor-col-100 elementor-top-column elementor-element elementor-element-48d65335\" data-id=\"48d65335\" data-element_type=\"column\">\n\t\t\t<div class=\"elementor-widget-wrap elementor-element-populated\">\n\t\t\t\t\t\t<div class=\"elementor-element elementor-element-48c25b96 elementor-widget elementor-widget-heading\" data-id=\"48c25b96\" data-element_type=\"widget\" data-widget_type=\"heading.default\">\n\t\t\t\t<div class=\"elementor-widget-container\">\n\t\t\t\t\t<h1 class=\"elementor-heading-title elementor-size-default\">Hakk\u0131m\u0131zda<\/h1>\t\t\t\t<\/div>\n\t\t\t\t<\/div>\n\t\t\t\t\t<\/div>\n\t\t<\/div>\n\t\t\t\t\t<\/div>\n\t\t<\/section>\n\t\t\t\t<section class=\"elementor-section elementor-top-section elementor-element elementor-element-50738b3 elementor-reverse-mobile elementor-section-boxed elementor-section-height-default elementor-section-height-default elementor-invisible\" data-id=\"50738b3\" data-element_type=\"section\" data-settings=\"{&quot;background_background&quot;:&quot;classic&quot;,&quot;animation&quot;:&quot;fadeIn&quot;}\">\n\t\t\t\t\t\t<div class=\"elementor-container elementor-column-gap-default\">\n\t\t\t\t\t<div class=\"elementor-column elementor-col-50 elementor-top-column elementor-element elementor-element-6940eadf animated-slow elementor-invisible\" data-id=\"6940eadf\" data-element_type=\"column\" data-settings=\"{&quot;animation&quot;:&quot;fadeInLeft&quot;,&quot;animation_delay&quot;:200}\">\n\t\t\t<div class=\"elementor-widget-wrap elementor-element-populated\">\n\t\t\t\t\t\t<div class=\"elementor-element elementor-element-4e85a3f elementor-widget elementor-widget-heading\" data-id=\"4e85a3f\" data-element_type=\"widget\" data-widget_type=\"heading.default\">\n\t\t\t\t<div class=\"elementor-widget-container\">\n\t\t\t\t\t<h3 class=\"elementor-heading-title elementor-size-default\">MOB\u0130KA A.\u015e.<\/h3>\t\t\t\t<\/div>\n\t\t\t\t<\/div>\n\t\t\t\t<div class=\"elementor-element elementor-element-489a2a0 elementor-widget-divider--view-line elementor-widget elementor-widget-divider\" data-id=\"489a2a0\" data-element_type=\"widget\" data-widget_type=\"divider.default\">\n\t\t\t\t<div class=\"elementor-widget-container\">\n\t\t\t\t\t\t\t<div class=\"elementor-divider\">\n\t\t\t<span class=\"elementor-divider-separator\">\n\t\t\t\t\t\t<\/span>\n\t\t<\/div>\n\t\t\t\t\t\t<\/div>\n\t\t\t\t<\/div>\n\t\t\t\t<div class=\"elementor-element elementor-element-9302542 elementor-widget elementor-widget-text-editor\" data-id=\"9302542\" data-element_type=\"widget\" data-widget_type=\"text-editor.default\">\n\t\t\t\t<div class=\"elementor-widget-container\">\n\t\t\t\t\t\t\t\t\t<p>\u00a0 \u00a0 \u00a02015 Y\u0131l\u0131nda ba\u015flayan mobilya ser\u00fcvenimizde; 50 y\u0131ll\u0131k ticari grubun g\u00fcc\u00fc ve vizyonu ile hareket eden Mobika A.\u015e, b\u00fcnyesinde birden fazla markay\u0131 bar\u0131nd\u0131ran, bu markalar alt\u0131nda mutfak, banyo, i\u00e7 mekan kap\u0131lar\u0131, vestiyerler ve giyinme odalar\u0131 geli\u015ftiren \u00fcretici bir firmad\u0131r.<\/p><p>\u00a0 \u00a0 \u00a0&#8220;Viena mutfak, Viesta Banyo, Kitchen&#8217;up mutfa, Novaporta kap\u0131&#8221; isimlerini ta\u015f\u0131yan ve her biri ayr\u0131 kategorilerde yer alan markalar\u0131m\u0131z ile bug\u00fcne dek \u00e7ok k\u0131ymetli i\u015flere imza att\u0131k. Geni\u015f referans listemizde yer alan toplu i\u015fler i\u00e7erisindeki y\u00fczlerce proje ve binlerce daireden olu\u015fan memnun m\u00fc\u015fteri kitlemiz bizleri her ge\u00e7en g\u00fcn daha iyisine ula\u015fabilmek ad\u0131na motive etmektedir.<\/p><p>\u00a0 \u00a0Mevcut fabrikam\u0131zda son teknoloji \u0130talyan makine parkuru ve Avrupa standartlar\u0131nda mod\u00fclasyon \u00fcretim sistemi ile tamamen kalite odakl\u0131 \u00e7al\u0131\u015fmaktay\u0131z. Alan\u0131nda olduk\u00e7a deneyimli olan dinamik kadromuz ise tasar\u0131m ve \u00fcr-ge \u00e7al\u0131\u015fmalar\u0131m\u0131zda en \u00f6nemli kayna\u011f\u0131m\u0131zd\u0131r.\u00a0<\/p><p>\u00a0 \u00a0 \u00a0Markalar\u0131m\u0131z\u0131 hem yurti\u00e7i hem de yurtd\u0131\u015f\u0131 pazarlarda b\u00fcy\u00fctebilmek ad\u0131na gerek \u00fcretim gerekse pazarlama faaliyetlerimizle durmaks\u0131z\u0131n azimle \u00e7al\u0131\u015fmaktay\u0131z.\u00a0<\/p><hr \/><p>\u00a0 Mottomuz; m\u00fc\u015fterilerimize daima daha iyisini sunabilmek ve kalite anlay\u0131\u015f\u0131m\u0131zdan taviz vermeden s\u00fcrd\u00fcr\u00fclebilir ba\u015far\u0131lar sa\u011flamakt\u0131r.<\/p>\t\t\t\t\t\t\t\t<\/div>\n\t\t\t\t<\/div>\n\t\t\t\t<div class=\"elementor-element elementor-element-60ebc32a elementor-widget elementor-widget-spacer\" data-id=\"60ebc32a\" data-element_type=\"widget\" data-widget_type=\"spacer.default\">\n\t\t\t\t<div class=\"elementor-widget-container\">\n\t\t\t\t\t\t\t<div class=\"elementor-spacer\">\n\t\t\t<div class=\"elementor-spacer-inner\"><\/div>\n\t\t<\/div>\n\t\t\t\t\t\t<\/div>\n\t\t\t\t<\/div>\n\t\t\t\t\t<\/div>\n\t\t<\/div>\n\t\t\t\t<div class=\"elementor-column elementor-col-50 elementor-top-column elementor-element elementor-element-5fc66c64 animated-slow elementor-invisible\" data-id=\"5fc66c64\" data-element_type=\"column\" data-settings=\"{&quot;animation&quot;:&quot;fadeInRight&quot;,&quot;animation_delay&quot;:200}\">\n\t\t\t<div class=\"elementor-widget-wrap elementor-element-populated\">\n\t\t\t\t\t\t<div class=\"elementor-element elementor-element-2113b373 elementor-widget elementor-widget-image\" data-id=\"2113b373\" data-element_type=\"widget\" data-widget_type=\"image.default\">\n\t\t\t\t<div class=\"elementor-widget-container\">\n\t\t\t\t\t\t\t\t\t\t\t\t\t\t\t<img decoding=\"async\" src=\"https:\/\/mobika.com.tr\/wp-content\/uploads\/elementor\/thumbs\/dasdsadsa-Kopya3-e1656831586771-pr7ksgdwa6tm2cd8v0xp9jjk5n7jrzz65ksfj9cb2g.jpg\" title=\"dasdsadsa &#8211; Kopya3\" alt=\"dasdsadsa - Kopya3\" class=\"elementor-animation-float\" loading=\"lazy\" \/>\t\t\t\t\t\t\t\t\t\t\t\t\t\t\t<\/div>\n\t\t\t\t<\/div>\n\t\t\t\t\t<\/div>\n\t\t<\/div>\n\t\t\t\t\t<\/div>\n\t\t<\/section>\n\t\t\t\t<\/div>\n\t\t","protected":false},"excerpt":{"rendered":"<p>Hakk\u0131m\u0131zda MOB\u0130KA A.\u015e. \u00a0 \u00a0 \u00a02015 Y\u0131l\u0131nda ba\u015flayan mobilya ser\u00fcvenimizde; 50 y\u0131ll\u0131k ticari grubun g\u00fcc\u00fc ve vizyonu ile hareket eden Mobika A.\u015e, b\u00fcnyesinde birden fazla markay\u0131 bar\u0131nd\u0131ran, bu markalar alt\u0131nda mutfak, banyo, i\u00e7 mekan kap\u0131lar\u0131, vestiyerler ve giyinme odalar\u0131 geli\u015ftiren \u00fcretici bir firmad\u0131r. \u00a0 \u00a0 \u00a0&#8220;Viena mutfak, Viesta Banyo, Kitchen&#8217;up mutfa, Novaporta kap\u0131&#8221; isimlerini ta\u015f\u0131yan [&hellip;]<\/p>\n","protected":false},"author":1,"featured_media":0,"parent":0,"menu_order":0,"comment_status":"closed","ping_status":"closed","template":"elementor_header_footer","meta":{"footnotes":""},"class_list":["post-1214","page","type-page","status-publish","hentry"],"yoast_head":"<!-- This site is optimized with the Yoast SEO plugin v26.7 - https:\/\/yoast.com\/wordpress\/plugins\/seo\/ -->\n<title>Hakk\u0131m\u0131zda - Mobika A.\u015e.<\/title>\n<meta name=\"robots\" content=\"index, follow, max-snippet:-1, max-image-preview:large, max-video-preview:-1\" \/>\n<link rel=\"canonical\" href=\"https:\/\/mobika.com.tr\/?page_id=1214\" \/>\n<meta property=\"og:locale\" content=\"tr_TR\" \/>\n<meta property=\"og:type\" content=\"article\" \/>\n<meta property=\"og:title\" content=\"Hakk\u0131m\u0131zda - Mobika A.\u015e.\" \/>\n<meta property=\"og:description\" content=\"Hakk\u0131m\u0131zda MOB\u0130KA A.\u015e. \u00a0 \u00a0 \u00a02015 Y\u0131l\u0131nda ba\u015flayan mobilya ser\u00fcvenimizde; 50 y\u0131ll\u0131k ticari grubun g\u00fcc\u00fc ve vizyonu ile hareket eden Mobika A.\u015e, b\u00fcnyesinde birden fazla markay\u0131 bar\u0131nd\u0131ran, bu markalar alt\u0131nda mutfak, banyo, i\u00e7 mekan kap\u0131lar\u0131, vestiyerler ve giyinme odalar\u0131 geli\u015ftiren \u00fcretici bir firmad\u0131r. \u00a0 \u00a0 \u00a0&#8220;Viena mutfak, Viesta Banyo, Kitchen&#8217;up mutfa, Novaporta kap\u0131&#8221; isimlerini ta\u015f\u0131yan [&hellip;]\" \/>\n<meta property=\"og:url\" content=\"https:\/\/mobika.com.tr\/?page_id=1214\" \/>\n<meta property=\"og:site_name\" content=\"Mobika A.\u015e.\" \/>\n<meta property=\"article:modified_time\" content=\"2022-11-09T12:54:33+00:00\" \/>\n<meta property=\"og:image\" content=\"https:\/\/mobika.com.tr\/wp-content\/uploads\/elementor\/thumbs\/dasdsadsa-Kopya3-e1656831586771-pr7ksgdwa6tm2cd8v0xp9jjk5n7jrzz65ksfj9cb2g.jpg\" \/>\n<meta name=\"twitter:card\" content=\"summary_large_image\" \/>\n<meta name=\"twitter:label1\" content=\"Tahmini okuma s\u00fcresi\" \/>\n\t<meta name=\"twitter:data1\" content=\"1 dakika\" \/>\n<script type=\"application\/ld+json\" class=\"yoast-schema-graph\">{\"@context\":\"https:\/\/schema.org\",\"@graph\":[{\"@type\":\"WebPage\",\"@id\":\"https:\/\/mobika.com.tr\/?page_id=1214\",\"url\":\"https:\/\/mobika.com.tr\/?page_id=1214\",\"name\":\"Hakk\u0131m\u0131zda - Mobika A.\u015e.\",\"isPartOf\":{\"@id\":\"https:\/\/mobika.com.tr\/#website\"},\"primaryImageOfPage\":{\"@id\":\"https:\/\/mobika.com.tr\/?page_id=1214#primaryimage\"},\"image\":{\"@id\":\"https:\/\/mobika.com.tr\/?page_id=1214#primaryimage\"},\"thumbnailUrl\":\"https:\/\/mobika.com.tr\/wp-content\/uploads\/elementor\/thumbs\/dasdsadsa-Kopya3-e1656831586771-pr7ksgdwa6tm2cd8v0xp9jjk5n7jrzz65ksfj9cb2g.jpg\",\"datePublished\":\"2022-07-02T08:10:34+00:00\",\"dateModified\":\"2022-11-09T12:54:33+00:00\",\"breadcrumb\":{\"@id\":\"https:\/\/mobika.com.tr\/?page_id=1214#breadcrumb\"},\"inLanguage\":\"tr\",\"potentialAction\":[{\"@type\":\"ReadAction\",\"target\":[\"https:\/\/mobika.com.tr\/?page_id=1214\"]}]},{\"@type\":\"ImageObject\",\"inLanguage\":\"tr\",\"@id\":\"https:\/\/mobika.com.tr\/?page_id=1214#primaryimage\",\"url\":\"https:\/\/mobika.com.tr\/wp-content\/uploads\/elementor\/thumbs\/dasdsadsa-Kopya3-e1656831586771-pr7ksgdwa6tm2cd8v0xp9jjk5n7jrzz65ksfj9cb2g.jpg\",\"contentUrl\":\"https:\/\/mobika.com.tr\/wp-content\/uploads\/elementor\/thumbs\/dasdsadsa-Kopya3-e1656831586771-pr7ksgdwa6tm2cd8v0xp9jjk5n7jrzz65ksfj9cb2g.jpg\"},{\"@type\":\"BreadcrumbList\",\"@id\":\"https:\/\/mobika.com.tr\/?page_id=1214#breadcrumb\",\"itemListElement\":[{\"@type\":\"ListItem\",\"position\":1,\"name\":\"Anasayfa\",\"item\":\"https:\/\/mobika.com.tr\/\"},{\"@type\":\"ListItem\",\"position\":2,\"name\":\"Hakk\u0131m\u0131zda\"}]},{\"@type\":\"WebSite\",\"@id\":\"https:\/\/mobika.com.tr\/#website\",\"url\":\"https:\/\/mobika.com.tr\/\",\"name\":\"Mobika A.\u015e.\",\"description\":\"Yap\u0131 Mobilya Yap\u0131 Malzemeleri\",\"publisher\":{\"@id\":\"https:\/\/mobika.com.tr\/#organization\"},\"potentialAction\":[{\"@type\":\"SearchAction\",\"target\":{\"@type\":\"EntryPoint\",\"urlTemplate\":\"https:\/\/mobika.com.tr\/?s={search_term_string}\"},\"query-input\":{\"@type\":\"PropertyValueSpecification\",\"valueRequired\":true,\"valueName\":\"search_term_string\"}}],\"inLanguage\":\"tr\"},{\"@type\":\"Organization\",\"@id\":\"https:\/\/mobika.com.tr\/#organization\",\"name\":\"Mobika A.\u015e.\",\"url\":\"https:\/\/mobika.com.tr\/\",\"logo\":{\"@type\":\"ImageObject\",\"inLanguage\":\"tr\",\"@id\":\"https:\/\/mobika.com.tr\/#\/schema\/logo\/image\/\",\"url\":\"https:\/\/mobika.com.tr\/wp-content\/uploads\/2022\/06\/logo-siyah-1.png\",\"contentUrl\":\"https:\/\/mobika.com.tr\/wp-content\/uploads\/2022\/06\/logo-siyah-1.png\",\"width\":1987,\"height\":399,\"caption\":\"Mobika A.\u015e.\"},\"image\":{\"@id\":\"https:\/\/mobika.com.tr\/#\/schema\/logo\/image\/\"}}]}<\/script>\n<!-- \/ Yoast SEO plugin. -->","yoast_head_json":{"title":"Hakk\u0131m\u0131zda - Mobika A.\u015e.","robots":{"index":"index","follow":"follow","max-snippet":"max-snippet:-1","max-image-preview":"max-image-preview:large","max-video-preview":"max-video-preview:-1"},"canonical":"https:\/\/mobika.com.tr\/?page_id=1214","og_locale":"tr_TR","og_type":"article","og_title":"Hakk\u0131m\u0131zda - Mobika A.\u015e.","og_description":"Hakk\u0131m\u0131zda MOB\u0130KA A.\u015e. \u00a0 \u00a0 \u00a02015 Y\u0131l\u0131nda ba\u015flayan mobilya ser\u00fcvenimizde; 50 y\u0131ll\u0131k ticari grubun g\u00fcc\u00fc ve vizyonu ile hareket eden Mobika A.\u015e, b\u00fcnyesinde birden fazla markay\u0131 bar\u0131nd\u0131ran, bu markalar alt\u0131nda mutfak, banyo, i\u00e7 mekan kap\u0131lar\u0131, vestiyerler ve giyinme odalar\u0131 geli\u015ftiren \u00fcretici bir firmad\u0131r. \u00a0 \u00a0 \u00a0&#8220;Viena mutfak, Viesta Banyo, Kitchen&#8217;up mutfa, Novaporta kap\u0131&#8221; isimlerini ta\u015f\u0131yan [&hellip;]","og_url":"https:\/\/mobika.com.tr\/?page_id=1214","og_site_name":"Mobika A.\u015e.","article_modified_time":"2022-11-09T12:54:33+00:00","og_image":[{"url":"https:\/\/mobika.com.tr\/wp-content\/uploads\/elementor\/thumbs\/dasdsadsa-Kopya3-e1656831586771-pr7ksgdwa6tm2cd8v0xp9jjk5n7jrzz65ksfj9cb2g.jpg","type":"","width":"","height":""}],"twitter_card":"summary_large_image","twitter_misc":{"Tahmini okuma s\u00fcresi":"1 dakika"},"schema":{"@context":"https:\/\/schema.org","@graph":[{"@type":"WebPage","@id":"https:\/\/mobika.com.tr\/?page_id=1214","url":"https:\/\/mobika.com.tr\/?page_id=1214","name":"Hakk\u0131m\u0131zda - Mobika A.\u015e.","isPartOf":{"@id":"https:\/\/mobika.com.tr\/#website"},"primaryImageOfPage":{"@id":"https:\/\/mobika.com.tr\/?page_id=1214#primaryimage"},"image":{"@id":"https:\/\/mobika.com.tr\/?page_id=1214#primaryimage"},"thumbnailUrl":"https:\/\/mobika.com.tr\/wp-content\/uploads\/elementor\/thumbs\/dasdsadsa-Kopya3-e1656831586771-pr7ksgdwa6tm2cd8v0xp9jjk5n7jrzz65ksfj9cb2g.jpg","datePublished":"2022-07-02T08:10:34+00:00","dateModified":"2022-11-09T12:54:33+00:00","breadcrumb":{"@id":"https:\/\/mobika.com.tr\/?page_id=1214#breadcrumb"},"inLanguage":"tr","potentialAction":[{"@type":"ReadAction","target":["https:\/\/mobika.com.tr\/?page_id=1214"]}]},{"@type":"ImageObject","inLanguage":"tr","@id":"https:\/\/mobika.com.tr\/?page_id=1214#primaryimage","url":"https:\/\/mobika.com.tr\/wp-content\/uploads\/elementor\/thumbs\/dasdsadsa-Kopya3-e1656831586771-pr7ksgdwa6tm2cd8v0xp9jjk5n7jrzz65ksfj9cb2g.jpg","contentUrl":"https:\/\/mobika.com.tr\/wp-content\/uploads\/elementor\/thumbs\/dasdsadsa-Kopya3-e1656831586771-pr7ksgdwa6tm2cd8v0xp9jjk5n7jrzz65ksfj9cb2g.jpg"},{"@type":"BreadcrumbList","@id":"https:\/\/mobika.com.tr\/?page_id=1214#breadcrumb","itemListElement":[{"@type":"ListItem","position":1,"name":"Anasayfa","item":"https:\/\/mobika.com.tr\/"},{"@type":"ListItem","position":2,"name":"Hakk\u0131m\u0131zda"}]},{"@type":"WebSite","@id":"https:\/\/mobika.com.tr\/#website","url":"https:\/\/mobika.com.tr\/","name":"Mobika A.\u015e.","description":"Yap\u0131 Mobilya Yap\u0131 Malzemeleri","publisher":{"@id":"https:\/\/mobika.com.tr\/#organization"},"potentialAction":[{"@type":"SearchAction","target":{"@type":"EntryPoint","urlTemplate":"https:\/\/mobika.com.tr\/?s={search_term_string}"},"query-input":{"@type":"PropertyValueSpecification","valueRequired":true,"valueName":"search_term_string"}}],"inLanguage":"tr"},{"@type":"Organization","@id":"https:\/\/mobika.com.tr\/#organization","name":"Mobika A.\u015e.","url":"https:\/\/mobika.com.tr\/","logo":{"@type":"ImageObject","inLanguage":"tr","@id":"https:\/\/mobika.com.tr\/#\/schema\/logo\/image\/","url":"https:\/\/mobika.com.tr\/wp-content\/uploads\/2022\/06\/logo-siyah-1.png","contentUrl":"https:\/\/mobika.com.tr\/wp-content\/uploads\/2022\/06\/logo-siyah-1.png","width":1987,"height":399,"caption":"Mobika A.\u015e."},"image":{"@id":"https:\/\/mobika.com.tr\/#\/schema\/logo\/image\/"}}]}},"_links":{"self":[{"href":"https:\/\/mobika.com.tr\/index.php?rest_route=\/wp\/v2\/pages\/1214","targetHints":{"allow":["GET"]}}],"collection":[{"href":"https:\/\/mobika.com.tr\/index.php?rest_route=\/wp\/v2\/pages"}],"about":[{"href":"https:\/\/mobika.com.tr\/index.php?rest_route=\/wp\/v2\/types\/page"}],"author":[{"embeddable":true,"href":"https:\/\/mobika.com.tr\/index.php?rest_route=\/wp\/v2\/users\/1"}],"replies":[{"embeddable":true,"href":"https:\/\/mobika.com.tr\/index.php?rest_route=%2Fwp%2Fv2%2Fcomments&post=1214"}],"version-history":[{"count":91,"href":"https:\/\/mobika.com.tr\/index.php?rest_route=\/wp\/v2\/pages\/1214\/revisions"}],"predecessor-version":[{"id":2083,"href":"https:\/\/mobika.com.tr\/index.php?rest_route=\/wp\/v2\/pages\/1214\/revisions\/2083"}],"wp:attachment":[{"href":"https:\/\/mobika.com.tr\/index.php?rest_route=%2Fwp%2Fv2%2Fmedia&parent=1214"}],"curies":[{"name":"wp","href":"https:\/\/api.w.org\/{rel}","templated":true}]}}